Let q(w) = -w**3 + 5*w**2 - 4*w - 1. Let m(s) = -s**3 - 2*s**2 - s + 1. Let r be m(-2). Give q(r).
5
Let r(w) = -3 + 3*w + 2 + 4*w**2 - 2. Give r(2).
19
Suppose -k = -2*i + 6*i + 10, -3*k - i = -3. Let v(x) = k*x**2 - 4*x - x - 3 - 3*x**2 + 0*x**2. What is v(-2)?
3
Let i(y) = y + 9. Let h be i(-7). Let q(l) be the third derivative of 0*l + l**2 + 0*l**3 + 1/8*l**4 - 1/30*l**5 + 0. Determine q(h).
-2
Let w(k) = -k**2 + 1. Let s = 7 - 35. Let a = s + 28. Give w(a).
1
Let y(l) = 3*l**3 - 6*l**2 + 16*l - 6. Let c(i) = -i**3 + 2*i**2 - 5*i + 2. Let x(g) = -7*c(g) - 2*y(g). Give x(2).
4
Let q(x) = 4*x + 3. Let s(l) = l + 1. Let r(h) = -2*q(h) + 7*s(h). What is r(-2)?
3
Let b(p) = -p**3 - 13*p**2 - 11*p + 14. Let x be b(-12). Let m(j) be the second derivative of 0 - 2*j + 1/20*j**5 + j**3 + 7/12*j**4 + 1/2*j**x. Give m(-6).
1
Let r(z) be the second derivative of z**7/504 + z**6/720 - z**4/12 - 4*z. Let q(j) be the third derivative of r(j). Give q(1).
6
Let g(y) = 9. Let r(z) = z - 1. Let m(b) = -g(b) - r(b). Determine m(0).
-8
Let b(t) be the third derivative of -t**4/24 - 5*t**3/3 - 3*t**2. Calculate b(-7).
-3
Let q(c) = -2*c + 1. Suppose 0 = 3*y - 6 - 0. Let v(d) = 2*d. Let p(b) = y*v(b) + 3*q(b). Suppose 5*m + 4 = 3*j, -5 = m - 6. What is p(j)?
-3
Let j(x) = -1. Let k(s) = s + 1. Let b(o) = 5*j(o) + k(o). Calculate b(8).
4
Let u(o) be the second derivative of o**5/20 + o**4/12 + o**3/6 - o**2 + 19*o. Let a = 0 + 0. Determine u(a).
-2
Let l(u) = -u**3 + 12*u**2 + 2*u + 2. Let z(c) = c**2 + c. Let h(b) = -l(b) + 6*z(b). Let i(x) = 4*x - 19. Let k be i(6). What is h(k)?
-7
Let z = 25 + -19. Let x(t) = t**3 - 7*t**2 + 4*t + 7. Determine x(z).
-5
Let y(q) = q**2 - 3. Let u(z) = -7*z**3 + z + 1. Let l be u(-1). Let a = -8 + l. Let k be 3 + -4 + 2 + a. Give y(k).
-3
Let m(u) = -5*u**2 + 7*u - 4. Let f(k) = 5*k**2 - 8*k + 5. Let a(b) = 5*f(b) + 6*m(b). Let t = 44 - 45. What is a(t)?
-6
Let v(k) be the second derivative of -k**4/12 - 5*k**3/6 + k**2/2 - 12*k. Calculate v(-5).
1
Let u(z) = -2*z - 2. Let n be u(-1). Suppose 3*q + 2*q - 2*k = 7, q - 2*k - 3 = n. Let b(t) = 13*t**2 - t. Determine b(q).
12
Let s be (119/21)/((-1)/3). Let c = s - -22. Let p(a) = a**2 - 6*a + 1. What is p(c)?
-4
Let v be ((-16)/(-40))/((-8)/(-5)). Let h(k) be the first derivative of 4 - 4*k + v*k**4 - 1/2*k**2 - 5/3*k**3. Calculate h(5).
-9
Let n(u) = -5*u**2 + 19*u + 12. Let j(k) = -2*k**2 + 6*k + 4. Let p(d) = -8*j(d) + 3*n(d). Give p(-5).
-16
Let a be (-6)/(-8)*4*1. Let f(v) = -4 + 5 - a + 1 - 3*v. Calculate f(1).
-4
Let t(n) = 3 + 5 + 5*n - 6*n**3 - 4*n + 7*n**3 + 11*n**2. What is t(-11)?
-3
Let m be -1 - 0 - -3 - (-30)/(-10). Let d(v) = 12*v**3 + v**2. Give d(m).
-11
Let h(f) = -f + 10. Let l(z) = z**3 + z**2 - z + 5. Let o be l(0). Determine h(o).
5
Let t(b) = b**2 + 4*b + 5. Let j be t(-3). Suppose -8 = j*v + 5*c, -3 = 4*v + 4*c + 1. Let k(r) = 6*r**3 - r**2 + r - 1. Give k(v).
5
Let v = -7 - -12. Suppose 2*y = 2*p + 2, -3*y - 4*p + 12 = -v. Let r(h) = -4*h + 2. Let g(f) = -7*f + 3. Let n(o) = 3*g(o) - 5*r(o). Determine n(y).
-4
Let y be (-5)/3 - 3/9. Let i be y/8 - (-10)/8. Let a(q) = -11*q**3 - q**2 - q + 1. Give a(i).
-12
Suppose -2*j - 6 = -5*j. Let q(o) = 0*o + 3*o - j*o - 2*o**2 + 5 + 3*o**2. Suppose 1 = -5*y + i - 4, -3*y = 3*i - 15. Determine q(y).
5
Let k(l) = 3*l - 1. Let s be 67/13 + (-3)/((-195)/(-10)). Calculate k(s).
14
Suppose 0 = -2*m + 11*m - 54. Let h(o) = -o**3 + 6*o**2 + o - 5. What is h(m)?
1
Let p = 3 + -6. Let h(b) be the first derivative of 0*b + b + b**2 + 4 - 5. Calculate h(p).
-5
Suppose -5*o - 39 = -3*t + 2*t, -4*t + 5*o + 111 = 0. Let b be ((-80)/t)/(2/3). Let k(d) = -d - 7. Calculate k(b).
-2
Suppose 0 = -4*q + 26 + 10. Suppose m - 5*u = -0*m - q, m - 2*u + 6 = 0. Let v(x) be the third derivative of x**4/24 - x**3/3 - 2*x**2. Determine v(m).
-6
Suppose -c - 3*c + 4 = 0. Let i(b) = b**2 + 131*b + 0 - 132*b - c. Give i(0).
-1
Let q(d) be the third derivative of d**4/12 - 5*d**3/6 + 2*d**2. Determine q(4).
3
Let d be (-3)/21 + 170/14. Let y(z) = -d*z**2 + 11*z**2 - 2 + 1. Suppose 5*w - 2*k + 21 = 2*k, 0 = 2*w + 4*k - 14. Give y(w).
-2
Let t(k) = 5*k + 82*k**2 - 81*k**2 - 4*k + 1. Calculate t(-1).
1
Let h(n) be the first derivative of n**6/120 - 2*n**5/15 + n**4/4 + n**3 - n**2/2 - 5. Let s(u) be the second derivative of h(u). Calculate s(7).
-1
Let a(s) = -3*s - 4. Let m be (-5)/(-15) + (-34)/3. Let z = -14 - m. Calculate a(z).
5
Let z(f) be the third derivative of -f**4/24 + 5*f**3/6 - 13*f**2. Calculate z(5).
0
Let i(q) be the second derivative of q**3/6 - 7*q. Calculate i(-7).
-7
Let z(w) be the first derivative of -w**4/4 + 4*w**3/3 + 3*w**2 - 5*w - 3. Let s = -7 - -12. Calculate z(s).
0
Let u(h) be the second derivative of 0 - 1/60*h**5 - 1/2*h**2 - 1/6*h**3 - 1/12*h**4 + 2*h. Let y(l) be the first derivative of u(l). Give y(-1).
0
Let q(z) be the third derivative of -z**4/24 - z**3/6 + 12*z**2. Calculate q(-1).
0
Suppose 13 = 8*p + 5. Let a(k) = 5*k - 1. Give a(p).
4
Let d(s) = s**2 + 4*s + 5. Let i = 28 + -32. Determine d(i).
5
Let r(g) be the second derivative of g**4/12 - 5*g**3/6 + 3*g**2 - 14*g. Calculate r(4).
2
Let n(k) = 13*k**3 - 16*k**2 + 6*k - 9. Let s(h) = 9*h**3 - 11*h**2 + 4*h - 6. Let v(p) = 5*n(p) - 7*s(p). Determine v(2).
5
Let h(f) = f + 4. Suppose -r - 32 = -3*v, 0 = -v - 3*v + r + 41. Suppose -2*q = 9 + v. Let i be h(q). Let k(m) = m**3 + 4*m**2 - 4*m + 6. Determine k(i).
1
Let r(a) = a**3 - 5*a**2 - 3*a - 1. Let u = 0 + 6. What is r(u)?
17
Let o(g) = -2*g - 4. Suppose 23 = -3*p - 5*h - 12, 0 = 5*p - 3*h + 13. Determine o(p).
6
Let g be (-10)/(-20) - 1/(-3). Let h(d) be the third derivative of 0*d + g*d**3 - 1/8*d**4 + 2*d**2 + 0 + 1/15*d**5 + 1/120*d**6. Give h(-5).
-5
Let u(p) = p**3 + 5*p**2 - 3*p - 6. Let j(x) = -2*x**2 - 9*x - 9. Let o be j(-4). Give u(o).
9
Suppose f + 9 = 4*f. Suppose -3*c - 13 = -z, 0*z - 5*c + 67 = f*z. Suppose -5*l - 5 = s, 0*l - 3*s + z = -2*l. Let j(g) = -g**3 + g**2 + 2*g - 1. What is j(l)?
7
Let c(h) = 3*h**2 - h. Let p = 17 - 18. Let g = p - 0. Calculate c(g).
4
Suppose 5*a + 4*a - 27 = 0. Let t(b) be the second derivative of b**5/20 - b**4/4 + b**3/6 - 2*b**2 + b. Give t(a).
-1
Let y(v) be the third derivative of 0 + 1/2*v**3 + 1/30*v**5 + 0*v - 1/120*v**6 + v**2 + 5/24*v**4. Let b be (-4 - 0/(-2))/(-1). Calculate y(b).
-9
Let v be -7 + 1 - -4 - -21. Let b(c) = -2 + c**3 - 38*c - 6*c**2 + 21*c + v*c. Calculate b(6).
10
Let h(o) be the second derivative of -o**4/12 + 2*o**3/3 + o**2 - 14*o. Suppose 5*a + 4*t - 33 = 0, -t - t + 24 = 4*a. Calculate h(a).
-3
Suppose 23 = -3*l - 2*s, 2*l + 3*s + 17 = -0*s. Let f(o) = o**3 + 8*o**2 + 5*o - 6. What is f(l)?
8
Let b be 6/9 + 7/3. Let s(p) = -4*p**2 + p**b + 4*p**2 + 9. Calculate s(0).
9
Let z be 2*(8 - 3)/(-5). Let p(y) = 6*y. Determine p(z).
-12
Suppose 3*l - 11 - 2 = -4*x, l - 5*x + 2 = 0. Let m(r) = 12*r - 4. Determine m(l).
32
Let b(q) = q**2 - 2*q. Let a = -64 + 66. Determine b(a).
0
Let b(s) = 2*s - 2. Let m be b(3). Suppose 4*j - 2*j = 4*n - 14, 3*n + 17 = -4*j. Let o(z) = 7*z + 5*z - m*z + n. Give o(-1).
-7
Let c(p) = p + 1. Let k be c(5). Let h(s) be the first derivative of -s**5/120 + s**4/12 + 3*s**3 - 7. Let o(j) be the third derivative of h(j). Determine o(k).
-4
Let q(z) be the first derivative of -z**5/20 + 5*z**4/12 - 5*z**3/6 - z**2/2 - 2*z + 3. Let c(s) be the first derivative of q(s). Give c(4).
-5
Suppose -3*l - 22 = -4*o, 0*l = -l - 3*o + 10. Let f(s) = -6*s + 2. Determine f(l).
14
Let y(j) = -j - 7. Let o be y(-8). Let v(c) = 0*c + 7*c - o - 3*c - 1 - c**2. Calculate v(3).
1
Let a(z) = -z**2 + z - 1. Let q(x) = -2*x**2 + 3*x - 2. Let l(n) = 3*a(n) - q(n). Let p be l(-1). Let g(i) be the first derivative of i**3/3 + i + 2. Give g(p).
5
Suppose -4*k + 2*n = -3*n - 27, 4*k + n = 9. Let h(s) = 2 - s**k - 5 + 1 + 2*s**3. Suppose 0 = -3*j - 2*j + 2*b - 4, 8 = j + 4*b. What is h(j)?
-2
Let x be (6/(-8))/(3/(-12)). Suppose -y = -6*y - 3*w + 22, 2*y - 7 = -x*w. Suppose -j = 3*c - 0 - y, -10 = 2*c - 2*j. Let q(l) = l - 5. Determine q(c).
-5
Let d(a) = 4*a**3 - a**2. Suppose 4*u = -2*b - 14, 2*b - u = u + 10. What is d(b)?
3
Let l(a) = 7*a**2 + a + 2 + 0*a - 6*a**2 - 6*a. Determine l(3).
-4
Let k(g) = 6*g + 3 + 5*g + 2*g - 12*g. W